{"id":16,"date":"2008-03-12T12:28:20","date_gmt":"2008-03-12T11:28:20","guid":{"rendered":"http:\/\/www.syntetyk.com\/Store\/?page_id=16"},"modified":"2019-03-29T08:31:55","modified_gmt":"2019-03-29T07:31:55","slug":"privacidad","status":"publish","type":"page","link":"https:\/\/syntetyk.com\/blog\/privacidad\/","title":{"rendered":"Privacidad"},"content":{"rendered":"\n<h3 class=\"wp-block-heading\">SEGURIDAD Y PROTECCI\u00d3N DE DATOS<\/h3>\n\n\n\n<p>Syntetyk, como titular del web site, es igualmente titular de la base de datos generada con los datos de car\u00e1cter personal suministrados por los usuarios, y todos los datos personales quedar\u00e1n incorporados y ser\u00e1n tratados en los ficheros de la empresa con el objeto de poder prestar y ofrecer los servicios y productos expuestos en el web site syntetykstore.com, as\u00ed como enviar a los usuarios publicidad sobre las ofertas, promociones y recomendaciones de los servicios y productos de la web site, siempre y cuando nos hayan dado su previa autorizaci\u00f3n.<\/p>\n\n\n\n<p>El usuario registrado en la base de datos tiene la posibilidad de ejercer sus derechos de acceso, rectificaci\u00f3n, cancelaci\u00f3n y oposici\u00f3n de sus datos de car\u00e1cter personal mediante petici\u00f3n escrita dirigida al Departamento de Atenci\u00f3n al Cliente en la direcci\u00f3n <a href=\"mailto:info@syntetyk.com\" target=\"_blank\" rel=\"noreferrer noopener\" aria-label=\" (opens in a new tab)\">info@syntetyk.com<\/a>, y en los t\u00e9rminos, plazos y requisitos legalmente establecidos.<\/p>\n\n\n\n<p>Syntetyk se reserva el derecho a denegar el acceso a algunos de sus servicios o secciones a aquellos clientes que no se registren mediante la cumplimentaci\u00f3n del correspondiente formulario o a quienes lo hagan incorrecta o fraudulentamente. El uso de nombres falsos o de terceras personas supondr\u00e1, en el momento que se detecten, la retirada inmediata del derecho de acceso, sin perjuicio de las responsabilidades legales que puedan dimanarse de tales actos. El cliente elegir\u00e1 su propia clave de acceso libremente, y ser\u00e1 responsable de su uso y privacidad, oblig\u00e1ndose a no comunicarla a terceros, en cuyo caso ser\u00e1 el \u00fanico y directo responsable de los actos que se produzcan en el uso de la misma.<\/p>\n\n\n\n<p>De conformidad con la normativa vigente en materia de protecci\u00f3n de datos, la empresa se compromete al cumplimiento de su obligaci\u00f3n en relaci\u00f3n a los datos de car\u00e1cter personal y en su deber de tratarlos con confidencialidad, adoptar\u00e1, a estos efectos, todas las medidas necesarias para evitar su alteraci\u00f3n, perdida, tratamiento o acceso no autorizado, habida cuenta en todo momento del estado de la tecnolog\u00eda.<\/p>\n\n\n\n<p>El propietario de la web no comercializar\u00e1, ni ceder\u00e1 a terceros, los datos personales que le hayan sido suministrados.<\/p>\n","protected":false},"excerpt":{"rendered":"<p>SEGURIDAD Y PROTECCI\u00d3N DE DATOS Syntetyk, como titular del web site, es igualmente titular de la base de datos generada con los datos de car\u00e1cter personal suministrados por los usuarios, [&hellip;]<\/p>\n","protected":false},"author":1,"featured_media":0,"parent":0,"menu_order":1,"comment_status":"closed","ping_status":"closed","template":"","meta":{"_monsterinsights_skip_tracking":false,"_monsterinsights_sitenote_active":false,"_monsterinsights_sitenote_note":"","_monsterinsights_sitenote_category":0,"jetpack_post_was_ever_published":false,"footnotes":""},"class_list":["post-16","page","type-page","status-publish","hentry","wpbf-post"],"aioseo_notices":[],"jetpack_sharing_enabled":false,"_links":{"self":[{"href":"https:\/\/syntetyk.com\/blog\/wp-json\/wp\/v2\/pages\/16","targetHints":{"allow":["GET"]}}],"collection":[{"href":"https:\/\/syntetyk.com\/blog\/wp-json\/wp\/v2\/pages"}],"about":[{"href":"https:\/\/syntetyk.com\/blog\/wp-json\/wp\/v2\/types\/page"}],"author":[{"embeddable":true,"href":"https:\/\/syntetyk.com\/blog\/wp-json\/wp\/v2\/users\/1"}],"replies":[{"embeddable":true,"href":"https:\/\/syntetyk.com\/blog\/wp-json\/wp\/v2\/comments?post=16"}],"version-history":[{"count":3,"href":"https:\/\/syntetyk.com\/blog\/wp-json\/wp\/v2\/pages\/16\/revisions"}],"predecessor-version":[{"id":1941,"href":"https:\/\/syntetyk.com\/blog\/wp-json\/wp\/v2\/pages\/16\/revisions\/1941"}],"wp:attachment":[{"href":"https:\/\/syntetyk.com\/blog\/wp-json\/wp\/v2\/media?parent=16"}],"curies":[{"name":"wp","href":"https:\/\/api.w.org\/{rel}","templated":true}]}}