{"id":181,"date":"2019-05-09T18:23:27","date_gmt":"2019-05-09T16:23:27","guid":{"rendered":"https:\/\/www.syntetyk.com\/store\/?post_type=product&#038;p=181"},"modified":"2023-02-07T07:21:28","modified_gmt":"2023-02-07T06:21:28","slug":"un-designer-toy-artesanal","status":"publish","type":"product","link":"https:\/\/syntetyk.com\/store\/producto\/un-designer-toy-artesanal\/","title":{"rendered":"Un Designer Toy Artesanal"},"content":{"rendered":"<p><iframe class=\"videoExt\" src=\"https:\/\/player.vimeo.com\/video\/92747635\" frameborder=\"0\" allowfullscreen=\"allowfullscreen\"><\/iframe><\/p>\n","protected":false},"excerpt":{"rendered":"<p>Un documental en el que mostrar el proceso de creaci\u00f3n de un Designer Toy de modo artesanal, desde el primer boceto, hasta tener una copia en la mano.<\/p>\n<p>Queremos compartir c\u00f3mo ha sido nuestra experiencia y nuestro m\u00e9todo de trabajo, y que sirva como gu\u00eda del proceso creativo para cualquier persona, entendida o no, que desee llevar sus proyectos hasta el final con \u00e9xito. Ofrecer una f\u00f3rmula real al alcance del m\u00e1ximo n\u00famero de personas, que las anime a empezar y desarrollar sus proyectos, teniendo la certeza de no abandonarlos cuando empiezan a surgir los problemas.<\/p>\n<p>Sigue el enlace para alquilar el documental por 48h.<\/p>\n","protected":false},"featured_media":185,"template":"","meta":{"_monsterinsights_skip_tracking":false,"_monsterinsights_sitenote_active":false,"_monsterinsights_sitenote_note":"","_monsterinsights_sitenote_category":0,"jetpack_post_was_ever_published":false},"product_brand":[],"product_cat":[60],"product_tag":[],"class_list":{"0":"post-181","1":"product","2":"type-product","3":"status-publish","4":"has-post-thumbnail","6":"product_cat-documental","7":"wpbf-post","10":"instock","11":"product-type-external"},"aioseo_notices":[],"jetpack_sharing_enabled":true,"_links":{"self":[{"href":"https:\/\/syntetyk.com\/store\/wp-json\/wp\/v2\/product\/181","targetHints":{"allow":["GET"]}}],"collection":[{"href":"https:\/\/syntetyk.com\/store\/wp-json\/wp\/v2\/product"}],"about":[{"href":"https:\/\/syntetyk.com\/store\/wp-json\/wp\/v2\/types\/product"}],"wp:featuredmedia":[{"embeddable":true,"href":"https:\/\/syntetyk.com\/store\/wp-json\/wp\/v2\/media\/185"}],"wp:attachment":[{"href":"https:\/\/syntetyk.com\/store\/wp-json\/wp\/v2\/media?parent=181"}],"wp:term":[{"taxonomy":"product_brand","embeddable":true,"href":"https:\/\/syntetyk.com\/store\/wp-json\/wp\/v2\/product_brand?post=181"},{"taxonomy":"product_cat","embeddable":true,"href":"https:\/\/syntetyk.com\/store\/wp-json\/wp\/v2\/product_cat?post=181"},{"taxonomy":"product_tag","embeddable":true,"href":"https:\/\/syntetyk.com\/store\/wp-json\/wp\/v2\/product_tag?post=181"}],"curies":[{"name":"wp","href":"https:\/\/api.w.org\/{rel}","templated":true}]}}