{"id":188,"date":"2013-01-21T18:36:18","date_gmt":"2013-01-21T17:36:18","guid":{"rendered":"http:\/\/www.syntetyk.com\/un-designer-toy-artesanal\/?page_id=188"},"modified":"2014-07-08T09:10:46","modified_gmt":"2014-07-08T08:10:46","slug":"descargas","status":"publish","type":"page","link":"https:\/\/syntetyk.com\/un-designer-toy-artesanal\/descargas\/","title":{"rendered":"Descargas"},"content":{"rendered":"<p>[column class=\u00bbcolumnas3&#8243;]<\/p>\n<p><img loading=\"lazy\" decoding=\"async\" width=\"100\" height=\"100\" data-attachment-id=\"353\" data-permalink=\"https:\/\/syntetyk.com\/un-designer-toy-artesanal\/descargas\/presskit\/\" data-orig-file=\"https:\/\/syntetyk.com\/un-designer-toy-artesanal\/wp-content\/uploads\/sites\/3\/2013\/01\/PressKit.png\" data-orig-size=\"100,100\" data-comments-opened=\"1\" data-image-meta=\"{&quot;aperture&quot;:&quot;0&quot;,&quot;credit&quot;:&quot;&quot;,&quot;camera&quot;:&quot;&quot;,&quot;caption&quot;:&quot;&quot;,&quot;created_timestamp&quot;:&quot;0&quot;,&quot;copyright&quot;:&quot;&quot;,&quot;focal_length&quot;:&quot;0&quot;,&quot;iso&quot;:&quot;0&quot;,&quot;shutter_speed&quot;:&quot;0&quot;,&quot;title&quot;:&quot;&quot;}\" data-image-title=\"PressKit\" data-image-description=\"\" data-image-caption=\"\" data-large-file=\"https:\/\/syntetyk.com\/un-designer-toy-artesanal\/wp-content\/uploads\/sites\/3\/2013\/01\/PressKit.png\" class=\"alignnone size-full wp-image-353\" src=\"https:\/\/www.syntetyk.com\/un-designer-toy-artesanal\/wp-content\/uploads\/sites\/3\/2013\/01\/PressKit.png\" alt=\"PressKit\" \/><\/p>\n<p><strong>PRESS KIT <\/strong><\/p>\n<p>Si te apetece escribir sobre Un Designer Toy Artesanal, aqu\u00ed encontrar\u00e1s material gr\u00e1fico para acompa\u00f1ar tu texto<\/p>\n<p>&nbsp;<\/p>\n<p><a href=\"https:\/\/www.dropbox.com\/s\/f0gtt9ms4u7g5jg\/PressKit.zip\" target=\"_blank\"><strong>\u00a1Descargar!<\/strong><\/a><\/p>\n<p>&nbsp;<\/p>\n<p>&nbsp;<\/p>\n<p><a href=\"https:\/\/www.syntetyk.com\/un-designer-toy-artesanal\/wp-content\/uploads\/sites\/3\/2013\/10\/iPhone.png\"> <img loading=\"lazy\" decoding=\"async\" width=\"100\" height=\"100\" data-attachment-id=\"1448\" data-permalink=\"https:\/\/syntetyk.com\/un-designer-toy-artesanal\/descargas\/iphone\/\" data-orig-file=\"https:\/\/syntetyk.com\/un-designer-toy-artesanal\/wp-content\/uploads\/sites\/3\/2013\/10\/iPhone.png\" data-orig-size=\"100,100\" data-comments-opened=\"1\" data-image-meta=\"{&quot;aperture&quot;:&quot;0&quot;,&quot;credit&quot;:&quot;&quot;,&quot;camera&quot;:&quot;&quot;,&quot;caption&quot;:&quot;&quot;,&quot;created_timestamp&quot;:&quot;0&quot;,&quot;copyright&quot;:&quot;&quot;,&quot;focal_length&quot;:&quot;0&quot;,&quot;iso&quot;:&quot;0&quot;,&quot;shutter_speed&quot;:&quot;0&quot;,&quot;title&quot;:&quot;&quot;}\" data-image-title=\"iPhone\" data-image-description=\"\" data-image-caption=\"\" data-large-file=\"https:\/\/syntetyk.com\/un-designer-toy-artesanal\/wp-content\/uploads\/sites\/3\/2013\/10\/iPhone.png\" class=\"alignnone size-full wp-image-1448\" src=\"https:\/\/www.syntetyk.com\/un-designer-toy-artesanal\/wp-content\/uploads\/sites\/3\/2013\/10\/iPhone.png\" alt=\"iPhone\" \/><\/a><\/p>\n<p>&nbsp;<\/p>\n<p><strong>iPhone<\/strong><\/p>\n<p>Fondos de pantalla para iPhone 3, 4 y 5<\/p>\n<p>&nbsp;<\/p>\n<p><a href=\"https:\/\/www.dropbox.com\/s\/glib9bahhh0gji4\/iPhone.zip\" target=\"_blank\"><strong>\u00a1Descargar!<\/strong><\/a><\/p>\n<p>&nbsp;<\/p>\n<p><img loading=\"lazy\" decoding=\"async\" width=\"100\" height=\"100\" data-attachment-id=\"1699\" data-permalink=\"https:\/\/syntetyk.com\/un-designer-toy-artesanal\/descargas\/iconoplantillas\/\" data-orig-file=\"https:\/\/syntetyk.com\/un-designer-toy-artesanal\/wp-content\/uploads\/sites\/3\/2013\/01\/IconoPlantillas.jpg\" data-orig-size=\"100,100\" data-comments-opened=\"1\" data-image-meta=\"{&quot;aperture&quot;:&quot;0&quot;,&quot;credit&quot;:&quot;&quot;,&quot;camera&quot;:&quot;&quot;,&quot;caption&quot;:&quot;&quot;,&quot;created_timestamp&quot;:&quot;0&quot;,&quot;copyright&quot;:&quot;&quot;,&quot;focal_length&quot;:&quot;0&quot;,&quot;iso&quot;:&quot;0&quot;,&quot;shutter_speed&quot;:&quot;0&quot;,&quot;title&quot;:&quot;&quot;}\" data-image-title=\"IconoPlantillas\" data-image-description=\"\" data-image-caption=\"\" data-large-file=\"https:\/\/syntetyk.com\/un-designer-toy-artesanal\/wp-content\/uploads\/sites\/3\/2013\/01\/IconoPlantillas.jpg\" class=\"alignnone size-full wp-image-1699\" src=\"https:\/\/www.syntetyk.com\/un-designer-toy-artesanal\/wp-content\/uploads\/sites\/3\/2013\/01\/IconoPlantillas.jpg\" alt=\"IconoPlantillas\" \/><\/p>\n<p><strong>PLANTILLAS<\/strong><\/p>\n<p>Plantillas de Zuby McField, Hunterbit y Pepper.<\/p>\n<p>Formatos: ai, eps, pdf, svg<\/p>\n<p>&nbsp;<\/p>\n<p><a href=\"https:\/\/www.dropbox.com\/s\/6mg5cighht227f7\/Plantillas%20Zuby%2BHunterbit%2BPepper.zip\" target=\"_blank\"><strong>\u00a1Descargar!<\/strong><\/a><\/p>\n<p>[\/column]<\/p>\n<p>[column class=\u00bbcolumnas3&#8243;]<\/p>\n<p><a href=\"https:\/\/www.syntetyk.com\/un-designer-toy-artesanal\/wp-content\/uploads\/sites\/3\/2013\/10\/Twitter.png\"><img loading=\"lazy\" decoding=\"async\" width=\"100\" height=\"100\" data-attachment-id=\"1449\" data-permalink=\"https:\/\/syntetyk.com\/un-designer-toy-artesanal\/descargas\/twitter-3\/\" data-orig-file=\"https:\/\/syntetyk.com\/un-designer-toy-artesanal\/wp-content\/uploads\/sites\/3\/2013\/10\/Twitter.png\" data-orig-size=\"100,100\" data-comments-opened=\"1\" data-image-meta=\"{&quot;aperture&quot;:&quot;0&quot;,&quot;credit&quot;:&quot;&quot;,&quot;camera&quot;:&quot;&quot;,&quot;caption&quot;:&quot;&quot;,&quot;created_timestamp&quot;:&quot;0&quot;,&quot;copyright&quot;:&quot;&quot;,&quot;focal_length&quot;:&quot;0&quot;,&quot;iso&quot;:&quot;0&quot;,&quot;shutter_speed&quot;:&quot;0&quot;,&quot;title&quot;:&quot;&quot;}\" data-image-title=\"Twitter\" data-image-description=\"\" data-image-caption=\"\" data-large-file=\"https:\/\/syntetyk.com\/un-designer-toy-artesanal\/wp-content\/uploads\/sites\/3\/2013\/10\/Twitter.png\" class=\"alignnone size-full wp-image-1449\" src=\"https:\/\/www.syntetyk.com\/un-designer-toy-artesanal\/wp-content\/uploads\/sites\/3\/2013\/10\/Twitter.png\" alt=\"Twitter\" \/><\/a><\/p>\n<p><strong>TWITTER <\/strong><\/p>\n<p>Personaliza tu cuenta de Twitter con la imagen de Un Designer Toy Artesanal<\/p>\n<p><strong>\u00a1Gracias!<\/strong><\/p>\n<p>&nbsp;<\/p>\n<p><a href=\"https:\/\/www.dropbox.com\/s\/xp11o4710o6zyqb\/Twitter.zip\" target=\"_blank\"><strong>\u00a1Descargar!<\/strong><\/a><\/p>\n<p>&nbsp;<\/p>\n<p>&nbsp;<\/p>\n<p><a href=\"https:\/\/www.syntetyk.com\/un-designer-toy-artesanal\/wp-content\/uploads\/sites\/3\/2013\/10\/iPad.png\"><img loading=\"lazy\" decoding=\"async\" width=\"100\" height=\"100\" data-attachment-id=\"1451\" data-permalink=\"https:\/\/syntetyk.com\/un-designer-toy-artesanal\/descargas\/ipad\/\" data-orig-file=\"https:\/\/syntetyk.com\/un-designer-toy-artesanal\/wp-content\/uploads\/sites\/3\/2013\/10\/iPad.png\" data-orig-size=\"100,100\" data-comments-opened=\"1\" data-image-meta=\"{&quot;aperture&quot;:&quot;0&quot;,&quot;credit&quot;:&quot;&quot;,&quot;camera&quot;:&quot;&quot;,&quot;caption&quot;:&quot;&quot;,&quot;created_timestamp&quot;:&quot;0&quot;,&quot;copyright&quot;:&quot;&quot;,&quot;focal_length&quot;:&quot;0&quot;,&quot;iso&quot;:&quot;0&quot;,&quot;shutter_speed&quot;:&quot;0&quot;,&quot;title&quot;:&quot;&quot;}\" data-image-title=\"iPad\" data-image-description=\"\" data-image-caption=\"\" data-large-file=\"https:\/\/syntetyk.com\/un-designer-toy-artesanal\/wp-content\/uploads\/sites\/3\/2013\/10\/iPad.png\" class=\"alignnone size-full wp-image-1451\" src=\"https:\/\/www.syntetyk.com\/un-designer-toy-artesanal\/wp-content\/uploads\/sites\/3\/2013\/10\/iPad.png\" alt=\"iPad\" \/><\/a><\/p>\n<p>&nbsp;<\/p>\n<p><strong>iPad<\/strong><\/p>\n<p>Fondos de pantalla para iPad y iPad retina<\/p>\n<p>&nbsp;<\/p>\n<p><a href=\"https:\/\/www.dropbox.com\/s\/ljys5yb6n45eoi3\/iPad.zip\" target=\"_blank\"><strong>\u00a1Descargar!<\/strong><\/a><\/p>\n<p>[\/column]<\/p>\n<p>[column class=\u00bbcolumnas3&#8243;]<\/p>\n<p><a href=\"https:\/\/www.syntetyk.com\/un-designer-toy-artesanal\/wp-content\/uploads\/sites\/3\/2013\/10\/Facebook.png\"><img loading=\"lazy\" decoding=\"async\" width=\"100\" height=\"100\" data-attachment-id=\"1446\" data-permalink=\"https:\/\/syntetyk.com\/un-designer-toy-artesanal\/descargas\/facebook-3\/\" data-orig-file=\"https:\/\/syntetyk.com\/un-designer-toy-artesanal\/wp-content\/uploads\/sites\/3\/2013\/10\/Facebook.png\" data-orig-size=\"100,100\" data-comments-opened=\"1\" data-image-meta=\"{&quot;aperture&quot;:&quot;0&quot;,&quot;credit&quot;:&quot;&quot;,&quot;camera&quot;:&quot;&quot;,&quot;caption&quot;:&quot;&quot;,&quot;created_timestamp&quot;:&quot;0&quot;,&quot;copyright&quot;:&quot;&quot;,&quot;focal_length&quot;:&quot;0&quot;,&quot;iso&quot;:&quot;0&quot;,&quot;shutter_speed&quot;:&quot;0&quot;,&quot;title&quot;:&quot;&quot;}\" data-image-title=\"Facebook\" data-image-description=\"\" data-image-caption=\"\" data-large-file=\"https:\/\/syntetyk.com\/un-designer-toy-artesanal\/wp-content\/uploads\/sites\/3\/2013\/10\/Facebook.png\" class=\"alignnone size-full wp-image-1446\" src=\"https:\/\/www.syntetyk.com\/un-designer-toy-artesanal\/wp-content\/uploads\/sites\/3\/2013\/10\/Facebook.png\" alt=\"Facebook\" \/><\/a><\/p>\n<p><strong>FACEBOOK<\/strong><\/p>\n<p>Personaliza tu cuenta de Facebook con la imagen de Un Designer Toy Artesanal<\/p>\n<p><strong>\u00a1Gracias!<\/strong><\/p>\n<p>&nbsp;<\/p>\n<p><a href=\"https:\/\/www.dropbox.com\/s\/b8epcdjhirgyfi0\/Facebook.zip\" target=\"_blank\"><strong>\u00a1Descargar!<\/strong><\/a><\/p>\n<p>&nbsp;<\/p>\n<p>&nbsp;<\/p>\n<p><a href=\"https:\/\/www.syntetyk.com\/un-designer-toy-artesanal\/wp-content\/uploads\/sites\/3\/2013\/10\/FondosEscritorio.png\"><img loading=\"lazy\" decoding=\"async\" width=\"100\" height=\"100\" data-attachment-id=\"1453\" data-permalink=\"https:\/\/syntetyk.com\/un-designer-toy-artesanal\/descargas\/fondosescritorio\/\" data-orig-file=\"https:\/\/syntetyk.com\/un-designer-toy-artesanal\/wp-content\/uploads\/sites\/3\/2013\/10\/FondosEscritorio.png\" data-orig-size=\"100,100\" data-comments-opened=\"1\" data-image-meta=\"{&quot;aperture&quot;:&quot;0&quot;,&quot;credit&quot;:&quot;&quot;,&quot;camera&quot;:&quot;&quot;,&quot;caption&quot;:&quot;&quot;,&quot;created_timestamp&quot;:&quot;0&quot;,&quot;copyright&quot;:&quot;&quot;,&quot;focal_length&quot;:&quot;0&quot;,&quot;iso&quot;:&quot;0&quot;,&quot;shutter_speed&quot;:&quot;0&quot;,&quot;title&quot;:&quot;&quot;}\" data-image-title=\"FondosEscritorio\" data-image-description=\"\" data-image-caption=\"\" data-large-file=\"https:\/\/syntetyk.com\/un-designer-toy-artesanal\/wp-content\/uploads\/sites\/3\/2013\/10\/FondosEscritorio.png\" class=\"alignnone size-full wp-image-1453\" src=\"https:\/\/www.syntetyk.com\/un-designer-toy-artesanal\/wp-content\/uploads\/sites\/3\/2013\/10\/FondosEscritorio.png\" alt=\"FondosEscritorio\" \/><\/a><\/p>\n<p><strong>FONDOS DE ESCRITORIO<\/strong><\/p>\n<p>Fondos de escritorio para ordenadores. Resoluciones:<\/p>\n<p>2880&#215;1800 &#8211; 2560&#215;1440 1920&#215;1200 &#8211; 1920&#215;1080 1440&#215;900 &#8211; 1280&#215;800 1024&#215;768<\/p>\n<p>&nbsp;<\/p>\n<p><a href=\"https:\/\/www.dropbox.com\/s\/yxxeu4oq9alebf6\/FondosEscritorio.zip\" target=\"_blank\"><strong>\u00a1Descargar!<\/strong><\/a><\/p>\n<p>[\/column]<\/p>\n","protected":false},"excerpt":{"rendered":"<p>[column class=\u00bbcolumnas3&#8243;] PRESS KIT Si te apetece escribir sobre Un Designer Toy Artesanal, aqu\u00ed encontrar\u00e1s material gr\u00e1fico para acompa\u00f1ar tu texto &nbsp; \u00a1Descargar! &nbsp; &nbsp; &nbsp; iPhone Fondos de pantalla para iPhone 3, 4 y 5 &nbsp; \u00a1Descargar! &nbsp; PLANTILLAS Plantillas de Zuby McField, Hunterbit y Pepper. Formatos: ai, eps, pdf, svg &nbsp; \u00a1Descargar! [\/column] [&hellip;]<\/p>\n","protected":false},"author":1,"featured_media":0,"parent":0,"menu_order":0,"comment_status":"open","ping_status":"closed","template":"","meta":{"_monsterinsights_skip_tracking":false,"_monsterinsights_sitenote_active":false,"_monsterinsights_sitenote_note":"","_monsterinsights_sitenote_category":0,"jetpack_post_was_ever_published":false,"footnotes":""},"class_list":["post-188","page","type-page","status-publish","hentry","wpbf-post"],"aioseo_notices":[],"jetpack_shortlink":"https:\/\/wp.me\/P36pFN-32","jetpack_sharing_enabled":false,"_links":{"self":[{"href":"https:\/\/syntetyk.com\/un-designer-toy-artesanal\/wp-json\/wp\/v2\/pages\/188","targetHints":{"allow":["GET"]}}],"collection":[{"href":"https:\/\/syntetyk.com\/un-designer-toy-artesanal\/wp-json\/wp\/v2\/pages"}],"about":[{"href":"https:\/\/syntetyk.com\/un-designer-toy-artesanal\/wp-json\/wp\/v2\/types\/page"}],"author":[{"embeddable":true,"href":"https:\/\/syntetyk.com\/un-designer-toy-artesanal\/wp-json\/wp\/v2\/users\/1"}],"replies":[{"embeddable":true,"href":"https:\/\/syntetyk.com\/un-designer-toy-artesanal\/wp-json\/wp\/v2\/comments?post=188"}],"version-history":[{"count":17,"href":"https:\/\/syntetyk.com\/un-designer-toy-artesanal\/wp-json\/wp\/v2\/pages\/188\/revisions"}],"predecessor-version":[{"id":1889,"href":"https:\/\/syntetyk.com\/un-designer-toy-artesanal\/wp-json\/wp\/v2\/pages\/188\/revisions\/1889"}],"wp:attachment":[{"href":"https:\/\/syntetyk.com\/un-designer-toy-artesanal\/wp-json\/wp\/v2\/media?parent=188"}],"curies":[{"name":"wp","href":"https:\/\/api.w.org\/{rel}","templated":true}]}}